e number?
False
Suppose h = -h - 548. Let g = 57 - h. Is g composite?
False
Let m be 979/4 + (-3)/(-12). Let x = -67 + m. Is x/((-3)/((-3)/2)) a composite number?
False
Suppose 10*r = 5*r + 925. Suppose -245 = -2*i + r. Is i prime?
False
Suppose 2*j = -j - 30. Let v(l) = l + 13. Let y be v(j). Suppose 0*g = -4*o - 4*g + 108, 0 = -4*o + y*g + 94. Is o a prime number?
False
Let y(x) = -17*x**2. Let a(b) = -84*b**2. Let r(h) = -4*a(h) + 21*y(h). Let f be r(1). Is ((-18)/f)/(1/7) a composite number?
True
Let l(u) = -22*u + 1. Let i(n) = -n**3 + 4*n**2 + n - 3. Let g be i(3). Let w(o) = -45*o + 1. Let r(v) = g*l(v) - 4*w(v). Is r(-4) prime?
False
Let s = 4 - -1. Let k(y) = 416*y**2 + 2*y + 1. Let h be k(-1). Suppose s*n = 3*q + 3*n - 247, -5*q + h = -4*n. Is q a prime number?
True
Let n = 675 + 1406. Is n a prime number?
True
Let t(v) = -v**2 + 5*v - 6. Let q be t(4). Let i(w) = w**3 - 4*w**2 + 6*w - 7. Let h be i(5). Is h - (1 - (q + 2)) a prime number?
True
Suppose -4*d + 486 - 46 = 0. Suppose 922 = 4*b + d. Is b prime?
False
Suppose f - 577 = 3*j, f - 3*f + 2*j + 1138 = 0. Is f a composite number?
True
Suppose 0 = 5*m + 2 - 7. Let f be (-2)/(-8) - m/4. Suppose 2*c = -5*s - 3*c + 70, f = 5*c - 15. Is s prime?
True
Suppose 4*c + r = 460, -3*c - 5*r = -448 + 103. Let z = c + -56. Is z prime?
True
Suppose v - 58 = 4. Suppose 3*w - v = w. Is w a prime number?
True
Let r be -5 + 5 + -2 + 19. Suppose 4*t - 410 = -k + r, 5*k - 2151 = -4*t. Is k a prime number?
True
Let b(c) be the second derivative of -5*c**4/2 - c**3/3 - 2*c. Let k be b(-2). Let p = k + 303. Is p a prime number?
False
Is 263 - (-8 + 1 + 3) composite?
True
Let t = 13 + 22. Let u = -3 - -5. Suppose u*c = -3*c + t. Is c a prime number?
True
Let n = -659 - -1078. Is n prime?
True
Let z be (-15)/(-4) - 9/(-36). Suppose -z*s + 8*s = 332. Is s a prime number?
True
Suppose -6 = u - z - 4*z, 12 = -2*u - 2*z. Let p(a) = a**2 - 3*a - 5. Is p(u) a composite number?
True
Let u = 95 + -28. Is u a prime number?
True
Let c be 16/(-6) - 7/21. Let h be (c/3)/(2/(-1224)). Suppose n + h = 3*d + 4*n, -d - 3*n + 206 = 0. Is d a composite number?
True
Let s be 2 + -3 + -98 + -3. Is (s/(-9))/(6/45) prime?
False
Let l be ((-2)/(-2))/((-2)/(-6)). Suppose 5*r = l*a - 25, -a + r + 2 + 3 = 0. Suppose a = -5*y + 3*q + 230, -3*y + 0*y = -3*q - 138. Is y a prime number?
False
Suppose 11*f = 6*f. Suppose 0*m = -3*m + a + 62, f = -5*m - a + 106. Is m prime?
False
Let b(o) = -o**2 - o + 237. Is b(0) a prime number?
False
Let x(l) = -l - 1. Let r be x(-9). Suppose 5*g = 3*g + r. Suppose z = -q + 2, -g*z - 6*q + q + 4 = 0. Is z a composite number?
True
Is (-3)/5 + 1752/20 a prime number?
False
Let i(o) = 5*o - 1. Let x = -4 - -5. Let d be i(x). Suppose -5*t = 3*l + 13, t + 21 = d*l - 0*t. Is l a prime number?
False
Let h = -356 + -26. Is (h/(-8))/((-3)/(-24)) composite?
True
Suppose 0 = -3*p - 0*p - 210. Let m = p - -311. Let k = m - 50. Is k composite?
False
Let x(l) = l**2 + 13*l - 4. Let v be x(-13). Let o(s) = 8*s**2 + s - 3. Is o(v) prime?
False
Let n be 15/(-10) - (-54)/4. Suppose n = i + 3*i. Suppose -3*z - t + 377 = 0, 3*t = -i*z + 445 - 76. Is z a composite number?
False
Suppose 138 = -k + 725. Is k prime?
True
Let p(z) = 2*z + 2. Let v be p(2). Suppose 4*w - v*w + 124 = 0. Let c = 173 - w. Is c a composite number?
True
Let t(i) be the first derivative of 31*i**2/2 + 6*i - 5. Suppose -b + 5*o + 30 + 0 = 0, 2*b - 3*o - 25 = 0. Is t(b) a prime number?
False
Is (-3425 + 2)*(-2)/6 composite?
True
Suppose 5*q - 118 = -2*z - 25, -q = -4*z + 131. Let i = 24 + z. Is i a prime number?
False
Let i be ((-6)/(-4))/(1/8). Let h be 6/i*(-76)/(-2). Suppose 4*v + 12 = 0, -6 = k + 2*v - h. Is k composite?
False
Suppose 1347 = 5*r - 2*r. Is r composite?
False
Let u(m) = -m**3 + m**2 + m - 1. Let j be u(-2). Let x = j - 3. Is x a prime number?
False
Suppose 0 = -3*x + 257 + 82. Let p = x - 66. Is p composite?
False
Let h be (-2765)/(-6) + 13/78. Suppose h + 1133 = 2*o. Is o a prime number?
True
Let k(r) = -26*r**2 - 2*r + 1. Let p be k(3). Let h = p - -366. Is h composite?
False
Let u(n) = -n**3 + 9*n**2 - 8*n. Let w be u(8). Suppose -p + 3*h + 16 = w, -2*p + 3*h = -5 - 15. Suppose -4*c + p*i = -220, -c = -2*c - 4*i + 45. Is c prime?
True
Let o(u) = -u**3 - u**2 + u - 1. Let c(j) = -11*j**3 - 5*j**2 + 7*j - 3. Let k(a) = c(a) - 4*o(a). Let t(g) = g**2 - 4*g + 1. Let q be t(3). Is k(q) composite?
False
Let g be 1 - ((-2 - 55) + 1). Let r = -38 + g. Is r a prime number?
True
Let o(x) = 2*x**3 - 2*x**2 - x + 11. Is o(6) a prime number?
False
Let s(f) = 10*f**3 - 2*f**2 + 4*f - 3. Let c = 13 + -11. Is s(c) a prime number?
False
Suppose 0 = 5*t + 3*y - 26, t + 2*t - y - 10 = 0. Suppose 0 = -b + t*b - 231. Is b a prime number?
False
Let d(n) = -49*n - 6. Let o be d(-4). Suppose 0 = -5*g - k + o, 2*k = 4*g - 0*k - 138. Is g prime?
True
Suppose 6 - 1 = -d. Let p be (-30)/(-12)*(-8)/d. Suppose -j = -3*f + 9, -4*j - p*f - 8 + 52 = 0. Is j prime?
False
Let r be 18*((-1)/1)/(-2). Suppose 4*s - s = 3*j, -5*j + 40 = 3*s. Let m = s + r. Is m a prime number?
False
Let v = -3 - 7. Is (-1396)/v + (-3)/5 prime?
True
Let g(y) = -5*y**3 - 7*y**2 + 6*y + 5. Is g(-6) a composite number?
False
Is -9662*1/(-22) + (-2)/11 a composite number?
False
Let m = 83 - 48. Is m prime?
False
Suppose 2*m - 6*u = -u + 66, 0 = m - u - 27. Is m a composite number?
False
Suppose -4*v + 3*y = -5, -2*v + 8 = -0*v + 4*y. Suppose 4*a - 4 = -v*l - 0*l, -4 = 3*a + 5*l. Suppose -52 = -0*s - a*s. Is s composite?
True
Let a be ((-4)/5)/((-3)/(-15)). Let i be 2/a - 17/2. Is ((-3)/i)/((-1)/(-159)) a composite number?
False
Suppose -2*h + 120 = 3*h. Is 3 + -4 + 0 + h a composite number?
False
Let v(s) = 2*s**2 - 4*s - 1. Let g be v(3). Suppose 0 = g*o - 4*o - 42. Let k = o - 11. Is k composite?
False
Let s(v) = 11*v. Let f be s(7). Suppose 3*l - 68 = -2*l - y, 0 = -5*l - 4*y + f. Is l a composite number?
False
Suppose -r + 12 = -6. Suppose 5*i - 23 - 17 = -k, 5*k - r = i. Is i a composite number?
False
Let s(d) = -99*d - 6. Let n be s(-5). Is 2/1*n/6 a prime number?
True
Suppose 4*f - 11149 = 1119. Is f a composite number?
False
Let k(a) = 36*a**2 - 5*a + 2. Is k(3) a composite number?
False
Suppose -o = 2*f - 6*o - 219, 2*f = 2*o + 204. Is f prime?
True
Let x(z) = z**2 - z + 2. Suppose 0 = -n - 5*k + 5, -6*n + k = -2*n + 1. Let a be x(n). Suppose -a*d - f = -125 - 16, -2*d + 135 = -f. Is d composite?
True
Is ((-10)/6)/(-5)*(-5 - -1502) prime?
True
Let b be (-1357)/5 - 4/(-10). Let g = b + 414. Is g composite?
True
Suppose 0*t - 32 = t. Is (-54)/(-8) - 8/t composite?
False
Suppose 0 = 3*x - x. Suppose x*g + 215 = 5*g. Is g a prime number?
True
Is ((-1578)/(-4))/(4 - (-7)/(-2)) prime?
False
Suppose 0 = -2*s, 7*j - 15 = 4*j - 3*s. Let h(p) = 7*p + j + 15*p - 2. Is h(7) prime?
True
Let d(n) = n**2 + n + 119. Is d(0) prime?
False
Let x(p) be the second derivative of p**4/12 - p**3/6 + 3*p**2/2 + p. Is x(4) a prime number?
False
Let j = 4 + -1. Suppose -d + j*d - 154 = 0. Is d composite?
True
Suppose z - 2*o = 34, 94 = 4*z - o - 77. Let b = z + 37. Let a = 174 - b. Is a a prime number?
False
Let y(v) = 90*v - 1. Let n be 0/(-6)*1/(-2). Let h be (n - 1) + 0 + 2. Is y(h) a prime number?
True
Suppose 0*x + 6 = -3*x. Let i be x/(-4)*-2 + 6. Suppose 0 = h - i*h + 92. Is h prime?
True
Suppose -4*t - 5*y + 281 = 0, -5*y - 343 = -5*t - 3*y. Is t a composite number?
True
Suppose 4*p = 4*h + 27 + 5, 5*p - 48 = h. Suppose a - 5*a = -100. Let q = a - p. Is q a composite number?
True
Suppose 5*b - 37 = 3. Let s be b/1 + 1*-3. Suppose 42 + 33 = s*n. Is n prime?
False
Let m(w) = w + 3. Let g be m(-3). Suppose t = -5*x + 1432, 3*x - t = -g*x + 864. Is x a prime number?
False
Suppose -5*o + 167 = -n + 53, -3*n - 66 = -3*o. Is o a composite number?
False
Let j(x) = 2*x + 2. Let w(o) = -3*o. Let h be w(-5). Let t be (4/(-5))/((-6)/h). Is j(t) prime?
False
Let y = 319 + 40. Is y prime?
True
Suppose 0 = -4*g + h + 229, -g - 3*g - 2*h = -226. Suppose -x = g + 98. Let m = x + 234. Is m composite?
False
Suppose -2*j = s - 526, j = -4*j + 4*s + 1341. Is j composite?
True
Suppose -16 = -10*x + 6*x. Suppose -3*t = 2*q - 12, -t + 2*q = -0*q - x. Suppose -2*a = 0, t*r - 3*a + 6*a - 100 = 0. Is r prime?
False
Let